= -29, 4*z + 2*a = 138. What is the units digit of z?
2
Suppose -4 = -0*d - d. Let y = d + -4. Suppose 2*o - 16 = -4*l + 6*o, y = -2*l + o + 6. What is the units digit of l?
2
Let v(k) = k**2 - 2*k. Let x = -14 - -10. Let o be 1/(-2*(-1)/x). What is the units digit of v(o)?
8
Suppose 4*b = 493 - 97. What is the tens digit of b?
9
Let z = -17 - -8. Let l be (-193)/(-5) + z/15. Suppose -2*f + 42 = -4*b, -3*b - l = -f - f. What is the units digit of f?
3
Suppose -2*z + 5*z - 153 = 0. What is the units digit of z?
1
Let q be -3 - (3 + 3)/(-2). Suppose 3*d = -q*d + 150. What is the units digit of d?
0
Let b = 13 - 19. What is the tens digit of 4*-3*(b + 5)?
1
Suppose -193 + 22 = 3*s. Let i = s - -12. What is the tens digit of (-16)/(-10)*i/(-6)?
1
Let q = -16 - -55. Suppose -v + 4*l = 2*v - q, -4*l = -v + 21. What is the units digit of v?
9
Suppose 0*y + 5*y - 3*t - 1090 = 0, y - 2*t = 225. Suppose -g - 6 = -1, 5*a - y = g. What is the tens digit of a?
4
Let g = -226 - -319. What is the tens digit of g?
9
Let n be 3/(-4) - 5/4. Let q = n + 7. What is the units digit of (q/3)/5*9?
3
Let i = -5 + 6. Suppose 5*x - 11 = -i. Suppose -x*j - 3 = -13. What is the units digit of j?
5
Let w(v) = -3*v + 4. Let p be w(-6). Let a be 70/p - (-8)/(-44). Suppose a*y - 9 = 6. What is the units digit of y?
5
Let h = 219 - -18. What is the hundreds digit of h?
2
Suppose -4*v + i + 89 = 0, 5*v + 4*i - 87 = 19. Let b be 3 + -1 - (0 - 14). Suppose -4*g + 3*p + v = 0, -b = -5*g + 3*p + 10. What is the units digit of g?
4
Suppose 9 = -o - 3*v, 0 = 3*o + 2*v + 3 - 4. Suppose -2*u = o*u - 35. What is the units digit of u?
7
Suppose 5*h + 347 - 887 = 4*m, -25 = 5*m. What is the hundreds digit of h?
1
Suppose -3*u + 4 = 2*n, 5 = u + 3*n - 1. Suppose 0 = m - u*i - i - 2, -4*i = 3*m - 41. What is the units digit of m?
7
Let p = -3 + 7. Suppose -o + 4*q + 12 = -12, p*o = 4*q + 48. What is the units digit of (-84)/(-16) - 2/o?
5
Let v = -3 - -3. Let y(i) = -i**3 - i**2 - i + 4. Let o be y(v). Suppose o*a = 33 - 1. What is the units digit of a?
8
Let y(q) = -q - 3. Let h(b) = 3. Let x(j) = 3*h(j) + 2*y(j). What is the units digit of x(-9)?
1
Let n(y) = -y + 1. Let v = -14 - -8. What is the units digit of n(v)?
7
Let i = 11 + -4. Suppose 0 = y + 5*g + 13, 5*y + 0*g + g = i. Suppose 2*j + 0*t - 14 = y*t, t - 28 = -4*j. What is the units digit of j?
7
Let n(i) = -2*i**2 - 5. Let c(j) = 3*j**2 + 9. Let g(a) = -3*c(a) - 5*n(a). Let o be g(2). Let z = o - -7. What is the units digit of z?
9
Let u(i) = 3*i**3 - 4*i**2 + 2*i. What is the units digit of u(2)?
2
Let p(x) = 5*x + 1. Let u be p(11). Suppose 2*k - u = -0*k. What is the units digit of k?
8
Suppose 2*x = 34 - 2. Let m = x + -10. What is the units digit of m?
6
Let b = 4 - 6. Let y = b - -4. Suppose 0*g = -y*g - 5*i - 19, 0 = -5*g - 3*i. What is the units digit of g?
3
Let i = -14 - -22. Suppose 5*r - i = 22. What is the units digit of r?
6
Let z = 11 + -10. Let t = 4 - z. Suppose -r - 4*r - 42 = -3*j, t*r = 2*j - 28. What is the tens digit of j?
1
Suppose 4*x + 2*y - 258 = 0, 322 = 5*x + y + y. What is the tens digit of x?
6
Suppose 3*k + 9 = 6*k. Let t(z) = -z**k + 7 + 0*z**2 - 5*z + 4*z - z**2. What is the units digit of t(0)?
7
Suppose 11*l - 1302 - 51 = 0. What is the tens digit of l?
2
Let s(d) = d**3 + 6*d**2 + 4*d - 3. Let t be s(-5). Suppose t*w - 10 = -0*w. What is the units digit of w?
5
Let p = 12 - 7. Let c = -2 + p. What is the units digit of c?
3
Let s = 33 + -20. Let h = s + 8. What is the units digit of h?
1
Suppose 9 = -3*t, 0 = -2*m + 3*t - 2*t + 355. What is the tens digit of m?
7
Let u(v) = -v**2 + 2*v + 7*v**2 - 3*v + v**2. What is the units digit of u(2)?
6
Let k(r) = -5*r**3 + 4*r**2 + 16*r - 12. Let g(n) = -11*n**3 + 7*n**2 + 33*n - 24. Let v(m) = -4*g(m) + 9*k(m). What is the tens digit of v(9)?
1
Suppose 98 = -3*x + p + 264, 0 = -x - 4*p + 38. What is the units digit of x?
4
Suppose 0 = -n + 5*v - 5, -n = n - 3*v + 3. Suppose n*a + 2*a = -4. What is the units digit of -10*(1 + -2) + a?
8
Suppose 5*h = 2*u + 2*u + 228, -h = -5*u - 54. What is the tens digit of h?
4
Let y(g) = 19*g**2 - 4*g - 3. What is the units digit of y(-2)?
1
Suppose -3*q - 4*r + 32 = 0, -2*q + 33 = 3*r + 2*r. Suppose q*z + 0*z = 4. Suppose -z + 5 = 4*o. What is the units digit of o?
1
Let j = -1 + 0. Let h(u) = -12*u + 1. What is the tens digit of h(j)?
1
Let z(x) = 2*x**2 - x - 4. What is the tens digit of z(4)?
2
Let z = 26 + -24. What is the units digit of z?
2
Let s be -1 + (-2 - -5) - -4. Suppose -z + 6 = -s. What is the units digit of z?
2
Let d(f) = f**3 - f**2 + f + 15. Let g be 2/8 + 1/(-4). What is the units digit of d(g)?
5
Let m = 19 - -5. What is the tens digit of m?
2
Let g(m) = m**2 - m - 1 + 0 + 0*m. Let k(j) = j**3 + j**2 + 5*j + 4. Let x(d) = 3*g(d) + k(d). What is the units digit of x(-3)?
4
Let y be 74/8*(9 - 1). Suppose -8*v + 6*v + y = 0. What is the tens digit of v?
3
Let v = 8 - 6. Let i be v/(-6) - 7/(-3). Suppose 0 = -3*h - 5*s + 19, 6 = 2*h + i*s + 3*s. What is the units digit of h?
3
Let c be (-4)/16 - (-2)/8. Suppose -2*i - 19 = 2*i + 5*g, c = 5*i - 2*g - 1. What is the units digit of 3/(((-3)/6)/i)?
6
Let u(v) = v**3 - 4*v**2 - v + 5. Let y be u(4). Let l = y - 6. Let j = 6 + l. What is the units digit of j?
1
Suppose -2*h - h - 3*u + 159 = 0, 101 = 2*h - 3*u. What is the tens digit of h?
5
Suppose -4*b - 2*k + 13 + 5 = 0, b - 5*k + 23 = 0. Let a(t) = b + 0 - 3 + t. What is the units digit of a(2)?
1
Let b be (-120)/(-9) - (-8)/12. Suppose 3*q = d - 40 + b, -3*q = 3*d - 54. Suppose 0 = -2*o - 0*p - p + 28, -2*o + d = -p. What is the units digit of o?
2
Let p(j) = j**2 - 5*j - 29. What is the tens digit of p(-10)?
2
Suppose 213 = -2*c + 3*c. What is the hundreds digit of c?
2
Let g = 6 - 5. Let j(u) = u + 5. Let m be j(-3). What is the units digit of g*(m - (0 - 0))?
2
Suppose -h = 2*j - 122, -2*j + 4*h - 6 + 118 = 0. What is the units digit of j?
0
Let c be (-22)/33 + (-7)/3. Suppose -a + 4 = 6. What is the tens digit of ((-22)/(-3))/(a/c)?
1
Let n(u) = u**2 + 4*u + 6. Let y be n(-4). Suppose -y*x + x + 30 = 0. What is the units digit of x?
6
Let f = 31 - -45. What is the units digit of f?
6
Let m = 16 + -9. What is the units digit of m?
7
Suppose -4*v + 100 = -3*v. What is the hundreds digit of v?
1
Suppose 13 = 4*d - 3. Suppose 0*f + 52 = d*f. What is the units digit of f?
3
What is the units digit of (1 + (-14)/8)/((-7)/56)?
6
Let t(h) = h**3 + 5*h**2 + 2*h - 2. Suppose 4*m + 20 = -2*v + m, 3*m = -v - 16. Let u be t(v). Let q = u - 2. What is the units digit of q?
4
Suppose 3*c - 3 = 12. Let o = c - 3. What is the units digit of o?
2
Let d(p) = p**3 - 5*p**2 - 6*p + 7. Let y be d(6). Suppose -5*r = -y - 33. What is the units digit of r?
8
Suppose -5 = -d + 2*l - 1, -4*d + 16 = l. Suppose d*g - 40 = 40. What is the units digit of g?
0
Suppose -6*a + 7*a = 149. What is the hundreds digit of a?
1
Suppose 4*r - 3*r - 1 = 0. Suppose -2*f + 3 = r. What is the units digit of f - 0*2/(-6)?
1
What is the tens digit of 3 + 0 + (15 - 1)?
1
Suppose c - 39 = -3*f - 2*c, -2*f - 5*c = -11. What is the tens digit of f?
1
Suppose 8*w - 9*w = -154. What is the hundreds digit of w?
1
Let w = -1 + 1. Suppose w*a - 2*a + 22 = 0. What is the tens digit of a?
1
Let o be 88/(-3)*(-15)/5. Suppose -o = -3*q - 4*y - 0*y, 24 = q + 4*y. Let m = -18 + q. What is the units digit of m?
4
Let r = 23 + -36. Let y = -1 - r. Let d = y + -5. What is the units digit of d?
7
Let t = -198 + 446. What is the tens digit of t?
4
What is the units digit of 3 + (-3 - 64/(-4))?
6
Let a(r) = 6*r - 3. Let m be a(4). Suppose 5*z = -0 - 25. Let o = z + m. What is the units digit of o?
6
What is the tens digit of 94 + 1 + -2 + 2?
9
Let b = -7 - -18. What is the tens digit of b?
1
Let u(o) = -o**3 - 10*o**2 - o + 10. Suppose 3*s + 0*l + l = -27, 3*l = -4*s - 31. What is the units digit of u(s)?
0
Let q(w) = w**3 + 21. Let c be q(0). Let x = c - -24. What is the tens digit of x?
4
Let o be (-2)/(-8) + (-777)/(-12). Suppose -4*m = 3*l - l - 90, o = 4*m - 3*l. What is the units digit of m?
0
Let p = -83 - -227. What is the tens digit of p?
4
Suppose -5*u + 2*y + 106 = -2*y, -2*u + 16 = 5*y. Suppose -3*m + u = -36. What is the tens digit of m?
1
Supp